 the prime factors of 10890.
2, 3, 5, 11
What are the prime factors of 29746?
2, 107, 139
List the prime factors of 56362.
2, 28181
What are the prime factors of 38102?
2, 19051
List the prime factors of 7269.
3, 2423
List the prime factors of 5900.
2, 5, 59
What are the prime factors of 34411?
13, 2647
List the prime factors of 4157.
4157
List the prime factors of 6454.
2, 7, 461
List the prime factors of 9017.
71, 127
List the prime factors of 2512.
2, 157
List the prime factors of 13796.
2, 3449
List the prime factors of 162302.
2, 7, 11593
What are the prime factors of 33456?
2, 3, 17, 41
List the prime factors of 35.
5, 7
What are the prime factors of 521?
521
List the prime factors of 8769.
3, 37, 79
List the prime factors of 58040.
2, 5, 1451
What are the prime factors of 135?
3, 5
List the prime factors of 2099.
2099
What are the prime factors of 347?
347
What are the prime factors of 2964?
2, 3, 13, 19
List the prime factors of 17952.
2, 3, 11, 17
What are the prime factors of 35864?
2, 4483
List the prime factors of 5358.
2, 3, 19, 47
List the prime factors of 1074.
2, 3, 179
List the prime factors of 2706.
2, 3, 11, 41
What are the prime factors of 10764?
2, 3, 13, 23
List the prime factors of 255.
3, 5, 17
What are the prime factors of 79?
79
What are the prime factors of 124?
2, 31
List the prime factors of 855.
3, 5, 19
What are the prime factors of 6445?
5, 1289
List the prime factors of 703.
19, 37
List the prime factors of 8913.
3, 2971
What are the prime factors of 1548?
2, 3, 43
List the prime factors of 12070.
2, 5, 17, 71
What are the prime factors of 284?
2, 71
What are the prime factors of 5747?
7, 821
List the prime factors of 18810.
2, 3, 5, 11, 19
What are the prime factors of 35053?
35053
What are the prime factors of 244?
2, 61
What are the prime factors of 178?
2, 89
List the prime factors of 1857.
3, 619
What are the prime factors of 472?
2, 59
What are the prime factors of 2537?
43, 59
What are the prime factors of 15216?
2, 3, 317
What are the prime factors of 25871?
41, 631
What are the prime factors of 2246?
2, 1123
List the prime factors of 1069.
1069
What are the prime factors of 3957?
3, 1319
List the prime factors of 2057.
11, 17
List the prime factors of 37153.
53, 701
List the prime factors of 1097.
1097
List the prime factors of 4880.
2, 5, 61
What are the prime factors of 1330?
2, 5, 7, 19
List the prime factors of 1386.
2, 3, 7, 11
List the prime factors of 13992.
2, 3, 11, 53
List the prime factors of 23404.
2, 5851
What are the prime factors of 3091?
11, 281
List the prime factors of 23072.
2, 7, 103
List the prime factors of 1061.
1061
List the prime factors of 5020.
2, 5, 251
What are the prime factors of 158?
2, 79
List the prime factors of 9063.
3, 19, 53
List the prime factors of 175.
5, 7
List the prime factors of 27862.
2, 13931
List the prime factors of 2389.
2389
List the prime factors of 2174.
2, 1087
What are the prime factors of 2497?
11, 227
What are the prime factors of 8241?
3, 41, 67
List the prime factors of 10163.
10163
What are the prime factors of 503?
503
What are the prime factors of 35693?
7, 5099
List the prime factors of 671.
11, 61
List the prime factors of 599.
599
What are the prime factors of 35296?
2, 1103
List the prime factors of 2702.
2, 7, 193
What are the prime factors of 10261?
31, 331
List the prime factors of 24566.
2, 71, 173
What are the prime factors of 9713?
11, 883
What are the prime factors of 8064?
2, 3, 7
What are the prime factors of 1722?
2, 3, 7, 41
What are the prime factors of 116765?
5, 11, 193
List the prime factors of 413.
7, 59
What are the prime factors of 3930?
2, 3, 5, 131
What are the prime factors of 842?
2, 421
What are the prime factors of 3671?
3671
What are the prime factors of 23972?
2, 13, 461
What are the prime factors of 4333?
7, 619
What are the prime factors of 9329?
19, 491
What are the prime factors of 3266?
2, 23, 71
List the prime factors of 58333.
11, 5303
What are the prime factors of 11118?
2, 3, 17, 109
List the prime factors of 16464.
2, 3, 7
List the prime factors of 2608.
2, 163
What are the prime factors of 9071?
47, 193
List the prime factors of 1907.
1907
What are the prime factors of 34781?
34781
List the prime factors of 6566.
2, 7, 67
What are the prime factors of 962?
2, 13, 37
List the prime factors of 16440.
2, 3, 5, 137
What are the prime factors of 55455?
3, 5, 3697
List the prime factors of 126837.
3, 17, 829
What are the prime factors of 1215?
3, 5
List the prime factors of 5752.
2, 719
What are the prime factors of 52949?
13, 4073
List the prime factors of 25769.
73, 353
List the prime factors of 1506.
2, 3, 251
What are the prime factors of 9099?
3, 337
List the prime factors of 2475.
3, 5, 11
What are the prime factors of 105721?
7, 11, 1373
What are the prime factors of 628?
2, 157
List the prime factors of 13175.
5, 17, 31
What are the prime factors of 4127?
4127
What are the prime factors of 3167?
3167
What are the prime factors of 2366?
2, 7, 13
What are the prime factors of 6758?
2, 31, 109
List the prime factors of 356.
2, 89
What are the prime factors of 1324?
2, 331
List the prime factors of 126172.
2, 31543
What are the prime factors of 15611?
67, 233
What are the prime factors of 253?
11, 23
List the prime factors of 14013.
3, 173
What are the prime factors of 526?
2, 263
What are the prime factors of 212?
2, 53
What are the prime factors of 1350?
2, 3, 5
List the prime factors of 1955.
5, 17, 23
What are the prime factors of 4716?
2, 3, 131
List the prime factors of 76177.
17, 4481
List the prime factors of 5558.
2, 7, 397
List the prime factors of 12738.
2, 3, 11, 193
What are the prime factors of 6175?
5, 13, 19
What are the prime factors of 2221?
2221
What are the prime factors of 8530?
2, 5, 853
List the prime factors of 129547.
11, 11777
What are the prime factors of 778?
2, 389
List the prime factors of 487.
487
What are the prime factors of 23607?
3, 43, 61
What are the prime factors of 3663?
3, 11, 37
List the prime factors of 5164.
2, 1291
List the prime factors of 897.
3, 13, 23
List the prime factors of 1201.
1201
What are the prime factors of 28796?
2, 23, 313
List the prime factors of 5763.
3, 17, 113
List the prime factors of 98.
2, 7
What are the prime factors of 51829?
51829
What are the prime factors of 23314?
2, 11657
List the prime factors of 893.
19, 47
What are the prime factors of 30879?
3, 47, 73
List the prime factors of 46863.
3, 41, 127
What are the prime factors of 1730?
2, 5, 173
List the prime factors of 13267.
13267
List the prime factors of 972.
2, 3
What are the prime factors of 2098?
2, 1049
List the prime factors of 26884.
2, 11, 13, 47
List the prime factors of 2770.
2, 5, 277
What are the prime factors of 5511?
3, 11, 167
What are the prime factors of 61?
61
List the prime factors of 25990.
2, 5, 23, 113
What are the prime factors of 40005?
3, 5, 7, 127
List the prime factors of 6524.
2, 7, 233
What are the prime factors of 646?
2, 17, 19
What are the prime factors of 1289?
1289
What are the prime factors of 15008?
2, 7, 67
List the prime factors of 88892.
2, 71, 313
List the prime factors of 189.
3, 7
What are the prime factors of 4125?
3, 5, 11
List the prime factors of 982.
2, 491
What are the prime factors of 294?
2, 3, 7
List the prime factors of 70914.
2, 3, 53, 223
List the prime factors of 14724.
2, 3, 409
What are the prime factors of 553?
7, 79
What are the prime factors of 6934?
2, 3467
What are the prime factors of 1002?
2, 3, 167
List the prime factors of 16600.
2, 5, 83
What are the prime factors of 979?
11, 89
List the prime factors of 26884.
2, 11, 13, 47
List the prime factors of 1229.
1229
What are the prime factors of 415?
5, 83
What are the prime factors of 195?
3, 5, 13
List the prime factors of 18561.
3, 23, 269
What are the prime factors of 3269?
7, 467
What are the prime factors of 59373?
3, 733
What are the prime factors of 117596?
2, 29399
What are the prime factors of 6856?
2, 857
List the prime factors of 23742.
2, 3, 1319
What are the prime factors of 2563?
11, 233
List the prime factors of 1795.
5, 359
List the prime factors of 915.
3, 5, 61
What are the prime factors of 3317?
31, 107
List the prime factors of 14134.
2, 37,